9
List the prime factors of 419111100.
2, 3, 5, 465679
What are the prime factors of 4576507517?
337, 2341, 5801
What are the prime factors of 11781327?
3, 3927109
What are the prime factors of 18760805?
5, 7, 536023
List the prime factors of 1450277421.
3, 483425807
What are the prime factors of 839408781?
3, 279802927
List the prime factors of 208132899.
3, 13, 5336741
What are the prime factors of 442975070?
2, 5, 41, 929, 1163
List the prime factors of 2428384161.
3, 7, 1303, 88747
What are the prime factors of 67911479?
23, 257, 11489
What are the prime factors of 38499729?
3, 12833243
List the prime factors of 1290051808.
2, 1049, 38431
List the prime factors of 19291489.
7, 719, 3833
List the prime factors of 335313962.
2, 67, 2502343
What are the prime factors of 35682135?
3, 5, 1427, 1667
What are the prime factors of 1092949885?
5, 1303, 167759
What are the prime factors of 755625472?
2, 7, 30119
List the prime factors of 405507921.
3, 7, 13, 157, 9461
What are the prime factors of 8428772113?
829, 10167397
List the prime factors of 317325797.
227, 239, 5849
What are the prime factors of 29162877?
3, 9720959
What are the prime factors of 32434148?
2, 8108537
List the prime factors of 19638451.
7, 17, 227, 727
What are the prime factors of 303236204?
2, 75809051
List the prime factors of 5337861.
3, 1779287
List the prime factors of 1287052129.
11, 117004739
List the prime factors of 276361228.
2, 11, 13, 397, 1217
What are the prime factors of 108868331?
11, 13, 73, 10429
What are the prime factors of 17753104?
2, 29, 38261
List the prime factors of 79653207.
3, 197, 134777
List the prime factors of 75561136.
2, 7, 31, 3109
What are the prime factors of 422033268?
2, 3, 67, 131, 4007
What are the prime factors of 2189121701?
13, 43, 61, 1493
What are the prime factors of 462405862?
2, 373, 641, 967
What are the prime factors of 2519667590?
2, 5, 11, 22906069
What are the prime factors of 473803706?
2, 157, 1508929
List the prime factors of 1701213872.
2, 61, 1743047
What are the prime factors of 54134078?
2, 19, 1424581
List the prime factors of 92659727.
29, 67, 103, 463
What are the prime factors of 3150013001?
23, 136957087
List the prime factors of 34943786.
2, 71, 73, 3371
List the prime factors of 2071266075.
3, 5, 191, 48197
List the prime factors of 179686420.
2, 5, 19, 472859
What are the prime factors of 855091402?
2, 11, 523, 74317
What are the prime factors of 840115303?
37, 22705819
List the prime factors of 5156498315.
5, 727, 1418569
What are the prime factors of 102002098?
2, 11, 4636459
What are the prime factors of 321625310?
2, 5, 31, 137, 7573
What are the prime factors of 267225270?
2, 3, 5, 13, 23, 31
List the prime factors of 194776391.
19, 139, 73751
List the prime factors of 1694823328.
2, 11, 43, 111973
List the prime factors of 55476015.
3, 5, 7, 17, 31079
What are the prime factors of 76998598?
2, 38499299
What are the prime factors of 165106952?
2, 1187, 17387
List the prime factors of 319391295.
3, 5, 31, 686863
List the prime factors of 37725669.
3, 17, 27397
What are the prime factors of 316036008?
2, 3, 23, 190843
What are the prime factors of 26355195?
3, 5, 585671
What are the prime factors of 263052432?
2, 3, 1826753
What are the prime factors of 22743567?
3, 7, 11, 37, 887
What are the prime factors of 290937414?
2, 3, 48489569
List the prime factors of 20227175.
5, 809087
What are the prime factors of 709275615?
3, 5, 17, 769, 3617
What are the prime factors of 731864163?
3, 23, 449, 23623
What are the prime factors of 1082444404?
2, 47, 659, 8737
What are the prime factors of 177012450?
2, 3, 5, 393361
What are the prime factors of 61161103?
877, 69739
What are the prime factors of 5993414848?
2, 5471, 17117
What are the prime factors of 1039220417?
1039220417
List the prime factors of 1839990242.
2, 37, 587, 42359
List the prime factors of 125002908.
2, 3, 61, 56923
List the prime factors of 51953843.
277, 187559
List the prime factors of 389304693.
3, 23, 73, 25763
What are the prime factors of 573337961?
7, 67, 821, 1489
List the prime factors of 3639179359.
3639179359
What are the prime factors of 3647879882?
2, 19, 739, 129901
List the prime factors of 1548269648.
2, 96766853
List the prime factors of 74691378.
2, 3, 109, 38069
List the prime factors of 153613528.
2, 19201691
What are the prime factors of 1375032132?
2, 3, 12731779
List the prime factors of 30401226.
2, 3, 1051, 1607
What are the prime factors of 12406743?
3, 459509
What are the prime factors of 43213520?
2, 5, 7, 77167
List the prime factors of 535343783.
13, 2677, 15383
List the prime factors of 6238384665.
3, 5, 19, 31, 706099
What are the prime factors of 994389003?
3, 2237, 49391
List the prime factors of 22033825.
5, 11, 19, 4217
List the prime factors of 171048352.
2, 5345261
List the prime factors of 108597680.
2, 5, 409, 3319
List the prime factors of 16758017.
53, 316189
List the prime factors of 77582410.
2, 5, 71, 113, 967
List the prime factors of 355753475.
5, 7, 11, 17, 1553
What are the prime factors of 492458340?
2, 3, 5, 11, 19, 173, 227
List the prime factors of 40108323.
3, 13369441
List the prime factors of 43353619.
283, 307, 499
List the prime factors of 209695242.
2, 3, 53, 659419
What are the prime factors of 39752643?
3, 7, 1892983
List the prime factors of 143468850.
2, 3, 5, 7, 139, 983
List the prime factors of 57290466.
2, 3, 523, 18257
List the prime factors of 22652342.
2, 59, 191969
List the prime factors of 32583730.
2, 5, 17, 191669
What are the prime factors of 79590477?
3, 26530159
What are the prime factors of 1310145763?
1310145763
What are the prime factors of 230593478?
2, 115296739
What are the prime factors of 477106670?
2, 5, 421, 113327
What are the prime factors of 56421539?
467, 120817
What are the prime factors of 27161634?
2, 3, 4526939
What are the prime factors of 11073780?
2, 3, 5, 20507
What are the prime factors of 261729813?
3, 87243271
What are the prime factors of 6329234411?
41, 677, 228023
List the prime factors of 310336053.
3, 9851, 10501
List the prime factors of 100424579.
157, 639647
List the prime factors of 20806470.
2, 3, 5, 17, 1511
What are the prime factors of 49798502?
2, 13, 1213, 1579
What are the prime factors of 406875422?
2, 4861, 41851
List the prime factors of 363192243.
3, 121064081
List the prime factors of 963946615.
5, 103, 281, 6661
What are the prime factors of 79413334?
2, 7, 11, 13, 39667
What are the prime factors of 1254443725?
5, 139, 467, 773
List the prime factors of 20406440.
2, 5, 191, 2671
List the prime factors of 137958210.
2, 3, 5, 13, 61, 1933
What are the prime factors of 1340324393?
7243, 185051
What are the prime factors of 14427835?
5, 127, 22721
List the prime factors of 72337988.
2, 18084497
List the prime factors of 389422490.
2, 5, 38942249
What are the prime factors of 5748447439?
7, 17, 227, 241, 883
What are the prime factors of 43210553?
43210553
List the prime factors of 410310331.
410310331
List the prime factors of 144069330.
2, 3, 5, 139, 34549
What are the prime factors of 67471588?
2, 16867897
What are the prime factors of 3178929598?
2, 13, 29, 983, 4289
List the prime factors of 563570843.
11, 47, 239, 4561
What are the prime factors of 155621667?
3, 37, 809, 1733
What are the prime factors of 106546639?
73, 1459543
What are the prime factors of 1025583534?
2, 3, 56976863
List the prime factors of 178567451.
3137, 56923
List the prime factors of 125443586.
2, 19, 3301147
What are the prime factors of 121054703?
7, 11, 53, 29663
What are the prime factors of 156619348?
2, 39154837
What are the prime factors of 443263726?
2, 479, 462697
What are the prime factors of 183439067?
7, 26205581
List the prime factors of 155583574.
2, 1291, 60257
What are the prime factors of 17531933?
1277, 13729
What are the prime factors of 1396744889?
443, 709, 4447
List the prime factors of 297461163.
3, 383, 258887
List the prime factors of 584894025.
3, 5, 23, 113023
List the prime factors of 2088310134.
2, 3, 53, 6567013
What are the prime factors of 9366259?
7, 19, 70423
What are the prime factors of 68858720?
2, 5, 7, 8783
What are the prime factors of 177064489?
7, 516223
List the prime factors of 630563716.
2, 19, 82